 (-4 + -4 - -5 - -7) + -3.
1
Calculate 2 - (-4 - -3) - 8.
-5
What is 13 + -10 + (0 - 2)?
1
What is the value of -2 + (5 - (3 + 1)) + 8?
7
What is 1 + (8 - 5) + -2?
2
Calculate (-5 - 0) + (2 - -11) + -11.
-3
2 + -8 + (6 - 2)
-2
3 - (4 - 1) - 3
-3
4 + 2 + -15 + 5
-4
4 + (6 + 0 - 5)
5
What is (2 - 2) + (8 - (-5 - -17))?
-4
-3 + (-9 - -9 - -1)
-2
-7 - (-6 + -12 + 2)
9
What is the value of 9 - 2 - (0 + -5 + 7)?
5
-3 + 7 + -6 + 4
2
What is -3 + 6 - (3 - 6)?
6
Evaluate 2 - (1 + (4 + -10 - -2)).
5
What is the value of 8 + (-4 - (4 + -6))?
6
Evaluate 4 + -4 + -3 + -2.
-5
Calculate -2 + (1 - -6) - 4.
1
What is (0 - (0 + (6 - 7))) + -5?
-4
Calculate (1 - 7) + 3 + 3.
0
What is 5 - (11 - 5 - 5)?
4
Evaluate -7 - ((1 + -6 - -1) + -2).
-1
Evaluate 14 + -4 + 0 + 0 - 5.
5
Evaluate 1 + 7 - (-4 - -7).
5
What is -15 + 1 + 0 + (74 - 67)?
-7
Calculate -13 - (10 + -25 + 11).
-9
What is the value of -11 + (9 - (-14 + 12))?
0
Calculate 6 + -3 + 5 - (-1 + 4).
5
Calculate (-8 - (-13 + 7)) + 5.
3
What is the value of (2 - 0) + -1 - (-100 - -97)?
4
Calculate (3 - -3 - 2) + (-11 - 2).
-9
What is 0 - 3 - ((2 - -2) + -2)?
-5
Evaluate (-7 - -1 - 1) + (-135 - -135).
-7
Calculate (-5 - ((-3 - -10) + -4)) + 5.
-3
Calculate 11 + -3 + -1 + -5.
2
Evaluate -1 - ((2 - 1) + (5 - 5)).
-2
-4 - (-5 + (6 - (4 - 2)))
-3
What is the value of (9 - 14) + 4 + 2?
1
Calculate 6 + (3 - (5 - (-1 + 0))).
3
What is the value of 3 + 3 + (-1 - 0)?
5
Evaluate -4 + -3 + 8 + 2.
3
Evaluate 9 + (2 - 6 - -3).
8
-8 + (-1 - (-10 - -4))
-3
What is 8 + (-10 - -1) - -1?
0
What is the value of -3 + -1 + 2 + -3?
-5
Calculate -5 + (1 - -2 - 1).
-3
What is the value of 4 + (-8 - -1) + -2?
-5
Calculate 6 + -2 - (0 + -2 - -1).
5
What is 9 + -6 + -8 + 10?
5
What is -3 - (7 - (-10 + 19))?
-1
What is 5 - (12 + -2 - 6)?
1
Evaluate (-15 - -7) + 16 + -2.
6
0 - (-7 + 17 - 2)
-8
What is the value of -3 + (1 - -3 - 6)?
-5
-5 + 8 + -5 + -1 - -9
6
What is 21 + -23 - (0 - 4)?
2
What is 8 - (8 + 6 + -9) - -6?
9
Calculate 0 + -5 + 7 + (-2 - -4).
4
Calculate 88 + -79 + 1 + -13.
-3
-11 + 2 + 14 + 5
10
What is the value of (-6 - -15) + -4 + -3 + 1?
3
Evaluate (-6 - -2) + 5 + 0 + -6.
-5
-5 + 2 + 18 + -8
7
What is the value of 4 - (-2 + -3 + 5)?
4
What is -10 + 5 + (8 - 10)?
-7
(0 - 4) + (4 - -2 - 2)
0
-5 - (2 - 0 - 3)
-4
Evaluate 1 + 1 - ((5 - -1) + -2).
-2
-1 + 8 - (15 - 7)
-1
What is 6 - -1 - (28 + -22)?
1
Calculate -4 - -7 - (3 + -1) - 6.
-5
What is the value of 3 - 5 - (5 + -1 - 7)?
1
What is the value of (6 - (24 - 1)) + 7?
-10
(-4 - (7 - 22)) + -13
-2
Calculate 4 + (3 - 3 - -1).
5
What is the value of (-1 - -4) + 1 + (-3 - 1)?
0
(-6 + 5 - 3 - -7) + -9
-6
Calculate -1 + (0 - -4) + (0 - 2).
1
0 + 0 - (45 + -39) - -4
-2
Evaluate 0 + (-2 + 6 - 0 - 7).
-3
What is the value of -79 + 84 + 1 + 2?
8
What is the value of (-15 - -19) + 2 + (-2 - 1)?
3
Evaluate 5 + 5 + -2 + -12 + 5.
1
Calculate 0 - ((-7 + 5 - -1) + 0).
1
What is the value of 9 - (-10 - -10 - -14)?
-5
What is (3 - 1) + (3 - (-10 + 21))?
-6
2 + (-1 - 2) + -60 + 58
-3
What is -23 - -31 - (14 + 4)?
-10
Evaluate 55 + -50 + (0 - 9).
-4
(3 - -1) + (4 - 7 - 2)
-1
Calculate -7 + 1 - (12 - (-2 - -19)).
-1
Evaluate -9 - (-12 + (-9 - -16)).
-4
Calculate -27 + 22 - (-6 - -7).
-6
3 + (-3 - (-2 + 4 - -2))
-4
4 - 9 - (2 + (-2 - 0))
-5
What is the value of -13 - (-18 + 11) - 2?
-8
Calculate -1 - (-3 - 4 - -5) - -1.
2
Evaluate -4 + -2 + 9 + 0 - 8.
-5
What is (-1 - 5) + 5 + 2 + -6?
-5
What is 5 + (8 + -3 - 16) + 4?
-2
What is -3 + -2 + (4 - 3)?
-4
Calculate 0 + -1 + 22 + -18.
3
What is the value of 4 + -3 + -3 + 0 - 2?
-4
Evaluate (2 - -6) + (-2 - -2 - 4).
4
Evaluate -7 + 3 - 4 - -3.
-5
Calculate 0 + 0 + (-1 + -8 - -4).
-5
Calculate -5 - (7 + -3) - -8.
-1
What is 1 - (0 - (0 - 1)) - -1?
1
1 + 1 + (-3 - (-1 + -4))
4
(-3 - (-4 + 2)) + -4
-5
Calculate -8 + 10 - (2 - 5).
5
Calculate 4 + (5 - 1 - 14 - -4).
-2
Evaluate -6 + 3 + 0 + 2.
-1
What is the value of -6 + 1 + (-8 - -2) + 7?
-4
What is the value of -1 + -3 + (-5 - (1 - 11))?
1
Evaluate (-15 - -13) + 4 - 5.
-3
What is -11 + 11 + -11 + 8?
-3
What is 3 - (6 + -2 + -1 - 0)?
0
What is 2 - -15 - (-51 + 61)?
7
What is the value of 6 + -10 + 1 - -2?
-1
Calculate 7 - (4 - (2 - 2)).
3
What is the value of 2 + (-1 - (-3 - (-4 - -3)))?
3
What is -5 + 1 - -12 - (19 + -19)?
8
What is the value of ((-3 - 1) + 6 - 1) + 5?
6
Evaluate -2 + 10 - (8 + -2 + -2).
4
Evaluate 7 + (-11 + 5 - -3).
4
What is (1 - -2) + -4 - (-6 - -2)?
3
Evaluate -13 - -16 - (-1 - (2 + 1)).
7
Evaluate 4 + (0 - -9 - 8).
5
What is (21 + -24 - (-10 - -2)) + -4?
1
-6 + 9 + 0 + -8
-5
2 + 6 - 5 - 2
1
Evaluate -5 - (-2 - (-2 - -5)).
0
What is -3 - (-6 + -4 + 8 + -8)?
7
Evaluate -1 + (6 - 3) - 1.
1
What is the value of 2 + 1 + 1 + (5 - 7)?
2
What is -9 + (10 - -6) - (11 - 2)?
-2
1 + -4 + 9 + 1 - 4
3
Calculate -15 + 13 - (-4 - -1 - 0).
1
Evaluate 11 + -3 + -2 + -3.
3
What is (-2 - -2) + (7 - 8)?
-1
Calculate (2 - -2) + -8 + 7 + 2.
5
What is -4 - ((3 - -1) + -6 + -3)?
1
155 + -149 - (-1 - -1)
6
67 + -61 - (4 + -1 + 1)
2
(1 + 5 - (-1 + 1)) + -3
3
Evaluate -2 - (-2 - -2) - (-1 - 0).
-1
What is 1 + (14 - 19) + -1 + -1?
-6
Evaluate -74 + 82 + -1 + -1 + 2.
8
Calculate 1 + -8 - (-37 + 15 - -20).
-5
15 + (-9 - 0 - -2)
8
What is (4 - -11) + -7 + 3 + 0?
11
What is the value of 1 - 5 - (-10 + 4)?
2
Calculate 8 + -9 + -3 + 14.
10
What is the value of (4 - (2 + 0)) + (-18 - -19)?
3
17 - 12 - (8 + -2)
-1
Evaluate 15 + -1 + -5 + -16.
-7
Calculate -3 + 3 - (-4 - -1) - 5.
-2
Calculate -2 - (-4 - (3 + -4)).
1
Calculate -1 - 4 - -2 - -2.
-1
5 - (1 + (3 - 8) - -18)
-9
Evaluate -6 - (7 - 12) - 2.
-3
Calculate (-3 - -3) + (2 + 2 - 5).
-1
What is -4 - (-1 - -3 - 2) - -2?
-2
-1 + -1 - -2 - 4
-4
1 + (-5 - 2) + 6 - 2
-2
What is the value of -22 + -15 + 26 + 2 + 3?
-6
Calculate 0 + (-2 + 0 - -1).
-1
(3 + -8 - -9) + 5 + -12
-3
0 + -3 + -5 + (-2 - -5)
-5
-4 + (-6 - -8) - (1 + 1)
-4
Evaluate -1 + 5 + -9 + 2.
-3
Calculate 0 + (-2 - -2) - 5.
-5
4 + (-2 + -4 - (-2 + -1))
1
Calculate (-3 - 1) + 4 + (-7 - -4).
-3
Calculate 4 + (-6 - (-2 - -1)).
-1
Evaluate -4 + (6 - 0) - 6.
-4
What is -3 - -6 - (3 - 1 - 3)?
4
(-5 - -2) + (5 + -4 - -2)
0
Evaluate 4 - (0 - -5 - (-8 - -11)).
2
What is -4 + 0 + 9 + -6?
-1
Evaluate -1 + -5 - (-18 - -7).
5
Calculate 6 + (-12 - (4 - 6)).
-4
What is -1 - (-3 - 1 - -2)?
1
-2 + -4 + 5 + 3
2
What is the value of 0 + (4 - 4) + -1 + 1?
0
What is (33 - 25) + -11 - (-6 - -1)?
2
Evaluate 3 - -1 - (13 + -8 - 4).
3
(9 - 2 - (9 - 4)) + -5
-3
Evaluate (-5 - 1) + -50 + 57.
1
What is the value of -1 - (0 + 0 + (1 - 5))?
3
What is the value of -19 + (3 - -3) + 23?
10
Calculate 11 + -12 + (3 - (-3 - -6)).
-1
What is the value of 26 + -12 - (9 + -2) - 14?
-7
Calculate (-4 - (-5 + 2)) + 0 + 0.
-1
Evaluate 1 + -5 - ((-8 - -8) + -4).
0
What is (-6 - -4 - 6) + -1?
-9
Evaluate 8 - (2 + -1 + 3).
4
What is 1 + -7 + 2 - (15 - 16)?
-3
Calculate (1 + 1 - 3) + -6 + 6.
-1
(-7 - ((1 - 7) + 4)) + 5
0
What is the value of (-34 - -43) + (-4 - 0 - 0)?
5
Calculate -6 + (-4 - -6) + 5.
1
Evaluate 6 - 0 - 1 - 1.
4
Calculate -13 - -8 - (0 + -9).
4
What is 9 + -13 - (1 - 1 - 6)?
2
2 + (-2 + 3 - 2) - 5
-4
What is the value of 6 + (-17 - -6) + 2 + 3?
0
What is the value of -1 + 6 + 2 + -6 + -1?
0
2 + -3 + 0 + 0 - 1
-2
What is 1 - (2 - (-1 - -5))?
3
What is (9 - 3 - 2) + 0?
4
Evaluate -5 - -10 - (-1 - -1).
5
Calculate -8 - 0 - (-324 + 316).
0
Calculate (3 - 2 - 1) + (-4 - 1).
-5
Evaluate (-9 - (5 + -4)) + 3.
-7
Evaluate (-1 - (1 + -5 + -1)) + -5.
-1
What is the value of -1 - 6 - (-11 + 6)?
-2
Calculate 8 + (4 + -4 - 13).
-5
-2 + -2 - -18 - 11
3
Calculate -2 - (0 + -3) - -2.
3
What is 1 + (7 - (3 - 0)) + -2?
3
Calculate -2 + 4 - (-2 - (6 + -3)).
7
5 - (5 + 1 + 5)
-6
-5 - -7 - (-3 - (-1 + 0))
4
What is (2 - (-2 + 1)) + -2 + -1?
0
Calculate 7 + -3 + -3 + 3.
4
Evaluate -8 - (1 + -13) - (-1 - -8).
-3
What is 1 + -2 + (-1 + 3 - 2)?
-1
2 + -7 + (-6 - -6)
-5
What is 9 + -2 + -3 - (1 - 2)?
5
-2 - (-3 + -5 + 2) - 5
-1
(1 + 4 - 4) + 4 + -3
2
5 - 11 - (-1 - -2)
-7
Calculate 4 + -4 + (2 - (1 + -3)).
4
-6 + -2 + 30 + -24
-2
What is the value of -4 + 2 + 0 + (1 - 3)?
-4
What is -1 - 0 - (6 - (5 + 5))?
3
Evaluate (26 - 24) + -2 + 0.
0
What is the value of 22 - 25 - (-2 + 1 + 2)?
-4
9 + (-11 - (-2 - 3))
3
What is -5 + 4 + 2 - 0?
1
What is the value of -3 + 1 